it of 675?
5
What is the units digit of 11066?
6
What is the units digit of 28367?
7
What is the tens digit of 480?
8
What is the tens digit of 94819?
1
What is the hundreds digit of 26009?
0
What is the hundreds digit of 6004?
0
What is the units digit of 1789?
9
What is the units digit of 29648?
8
What is the tens digit of 896?
9
What is the ten thousands digit of 10157?
1
What is the units digit of 296?
6
What is the thousands digit of 1976?
1
What is the hundreds digit of 693?
6
What is the units digit of 58520?
0
What is the hundreds digit of 490?
4
What is the units digit of 1468?
8
What is the tens digit of 847?
4
What is the hundreds digit of 28942?
9
What is the hundreds digit of 10956?
9
What is the thousands digit of 31531?
1
What is the hundreds digit of 701?
7
What is the hundreds digit of 823?
8
What is the tens digit of 518?
1
What is the thousands digit of 32920?
2
What is the hundreds digit of 517?
5
What is the ten thousands digit of 74835?
7
What is the units digit of 1171?
1
What is the tens digit of 3056?
5
What is the tens digit of 2310?
1
What is the hundreds digit of 532?
5
What is the hundreds digit of 126042?
0
What is the ten thousands digit of 15575?
1
What is the tens digit of 876?
7
What is the units digit of 1492?
2
What is the hundreds digit of 50907?
9
What is the units digit of 2555?
5
What is the units digit of 6228?
8
What is the units digit of 12303?
3
What is the units digit of 16085?
5
What is the thousands digit of 24417?
4
What is the hundred thousands digit of 151377?
1
What is the tens digit of 1011?
1
What is the hundreds digit of 3611?
6
What is the hundreds digit of 932?
9
What is the units digit of 109069?
9
What is the tens digit of 8156?
5
What is the thousands digit of 20330?
0
What is the hundreds digit of 2628?
6
What is the thousands digit of 5917?
5
What is the units digit of 10240?
0
What is the thousands digit of 1047?
1
What is the tens digit of 70464?
6
What is the thousands digit of 26615?
6
What is the units digit of 751?
1
What is the thousands digit of 6241?
6
What is the hundreds digit of 8591?
5
What is the tens digit of 591?
9
What is the thousands digit of 3768?
3
What is the tens digit of 4585?
8
What is the hundreds digit of 29062?
0
What is the units digit of 21?
1
What is the units digit of 404?
4
What is the units digit of 817?
7
What is the thousands digit of 24819?
4
What is the hundreds digit of 343?
3
What is the tens digit of 3210?
1
What is the units digit of 616?
6
What is the tens digit of 16037?
3
What is the units digit of 10178?
8
What is the units digit of 60098?
8
What is the thousands digit of 21249?
1
What is the units digit of 15721?
1
What is the tens digit of 10321?
2
What is the thousands digit of 47291?
7
What is the tens digit of 99?
9
What is the hundreds digit of 8759?
7
What is the ten thousands digit of 68949?
6
What is the units digit of 12034?
4
What is the hundreds digit of 9607?
6
What is the tens digit of 25138?
3
What is the units digit of 140?
0
What is the hundreds digit of 2448?
4
What is the tens digit of 1197?
9
What is the hundreds digit of 35410?
4
What is the units digit of 1034?
4
What is the ten thousands digit of 70211?
7
What is the tens digit of 5725?
2
What is the tens digit of 7154?
5
What is the tens digit of 14331?
3
What is the units digit of 1124?
4
What is the tens digit of 312?
1
What is the thousands digit of 64420?
4
What is the hundreds digit of 28073?
0
What is the hundreds digit of 34997?
9
What is the tens digit of 4846?
4
What is the thousands digit of 19263?
9
What is the tens digit of 18077?
7
What is the hundreds digit of 26137?
1
What is the tens digit of 2526?
2
What is the tens digit of 3445?
4
What is the hundreds digit of 2093?
0
What is the tens digit of 3366?
6
What is the thousands digit of 185075?
5
What is the tens digit of 68520?
2
What is the units digit of 8001?
1
What is the tens digit of 86400?
0
What is the tens digit of 67?
6
What is the ten thousands digit of 37546?
3
What is the tens digit of 51?
5
What is the tens digit of 89761?
6
What is the tens digit of 162937?
3
What is the hundreds digit of 698?
6
What is the thousands digit of 5791?
5
What is the hundreds digit of 65909?
9
What is the units digit of 2387?
7
What is the units digit of 14729?
9
What is the units digit of 2232?
2
What is the units digit of 605?
5
What is the thousands digit of 1402?
1
What is the hundreds digit of 973?
9
What is the units digit of 867?
7
What is the hundreds digit of 5926?
9
What is the thousands digit of 57160?
7
What is the tens digit of 1873?
7
What is the units digit of 799?
9
What is the hundreds digit of 2987?
9
What is the units digit of 1037?
7
What is the hundreds digit of 599?
5
What is the units digit of 1628?
8
What is the hundreds digit of 3605?
6
What is the units digit of 119684?
4
What is the hundreds digit of 1905?
9
What is the tens digit of 18752?
5
What is the units digit of 172747?
7
What is the units digit of 4091?
1
What is the thousands digit of 16888?
6
What is the units digit of 60167?
7
What is the units digit of 289?
9
What is the units digit of 2463?
3
What is the units digit of 5360?
0
What is the tens digit of 607?
0
What is the hundreds digit of 24080?
0
What is the hundreds digit of 793?
7
What is the units digit of 719?
9
What is the units digit of 992?
2
What is the tens digit of 2043?
4
What is the hundreds digit of 14296?
2
What is the units digit of 14158?
8
What is the tens digit of 33692?
9
What is the thousands digit of 33076?
3
What is the hundreds digit of 8894?
8
What is the tens digit of 19122?
2
What is the thousands digit of 3669?
3
What is the hundreds digit of 1468?
4
What is the thousands digit of 1259?
1
What is the hundred thousands digit of 156652?
1
What is the tens digit of 356?
5
What is the units digit of 613?
3
What is the hundreds digit of 488?
4
What is the tens digit of 2621?
2
What is the tens digit of 1754?
5
What is the tens digit of 23788?
8
What is the tens digit of 1260?
6
What is the tens digit of 23491?
9
What is the units digit of 353?
3
What is the hundreds digit of 51475?
4
What is the tens digit of 124?
2
What is the ten thousands digit of 87177?
8
What is the units digit of 41339?
9
What is the tens digit of 31974?
7
What is the tens digit of 1733?
3
What is the thousands digit of 184724?
4
What is the thousands digit of 8394?
8
What is the units digit of 2663?
3
What is the tens digit of 6655?
5
What is the thousands digit of 2214?
2
What is the units digit of 21?
1
What is the tens digit of 7138?
3
What is the hundreds digit of 283?
2
What is the hundreds digit of 854?
8
What is the ten thousands digit of 22144?
2
What is the thousands digit of 9013?
9
What is the hundreds digit of 639?
6
What is the units digit of 4559?
9
What is the units digit of 50344?
4
What is the hundreds digit of 7736?
7
What is the ten thousands digit of 82900?
8
What is the tens digit of 11038?
3
What is the units digit of 1400?
0
What is the tens digit of 3864?
6
What is the hundreds digit of 2008?
0
What is the hundreds digit of 6621?
6
What is the units digit of 37176?
6
What is the hundreds digit of 924?
9
What is the hundreds digit of 19341?
3
What is the tens digit of 55647?
4
What is the thousands digit of 7560?
7
What is the units digit of 2507?
7
What is the tens digit of 625?
2
What is the tens digit of 25298?
9
What is the tens digit of 136928?
2
What is the thousands digit of 4548?
4
What is the thousands digit of 7127?
7
What is the units digit of 9802?
2
What is the tens digit of 18566?
6
What is the units digit of 5176?
6
What is the units digit of 2970?
0
What is the tens digit of 2406?
0
What is the units digit of 1350?
0
What is the units digit of 5?
5
What is the units digit of 81668?
8
What is the tens digit of 3952?
5
What is the thousands digit of 3450?
3
What is the thousands digit of 6076?
6
What is the units digit of 2384?
4
What is the tens digit of 10736?
3
What is the tens digit of 8260?
6
What is the tens digit of 1943?
4
What is the units digit of 1908?
8
What is the thousands digit of 5111?
5
What is the units digit of 1779?
9
What is the thousands digit of 1879?
1
What is the units digit of 1819?
9
What is the hundreds